of j**6/120 + j**5/30 - j**4/12 + j**3/6 - 57*j**2. What is y(-2)?
5
Let f(d) be the first derivative of d**3/3 + 3*d**2/2 - 5*d + 7. Let b be (1/(-3))/(7/(-525)). Suppose 0 = 4*k + 2*w - w + b, -15 = 2*k + w. Determine f(k).
5
Let h(u) be the third derivative of 0*u - 1/3*u**3 - 23*u**2 + 1/12*u**4 + 0. Calculate h(5).
8
Let n(y) = -9*y**2 - 7*y**3 - 5*y**3 + 13*y**3 - 5 + 9*y. Let z be n(8). Let g(m) = 3 + m - 2*m + z. Determine g(3).
3
Let u(d) = 7*d**3 - 2*d**2 + 3*d - 3. Let w be u(1). Suppose 4*i - 7 = m - 30, -w*m = 4*i + 5. Let n(q) = -q**3 + 4*q**2 - q - 4. Calculate n(m).
2
Suppose -3*c = 2*c. Let t(y) be the first derivative of y**3 - 7*y**2/2 - 27*y - 10. Let x(u) = -u**2 + 2*u + 9. Let i(q) = 2*t(q) + 7*x(q). Calculate i(c).
9
Let m(b) = b**3 - 9*b**2 - 10*b + 2. Let w be m(10). Let v = w - 0. Let r(f) = -3*f**3 + 2*f - 1 - v*f**2 + 0 - 3*f + 2*f**3. Calculate r(-3).
11
Let i(f) = -f. Let g(s) = 12*s. Let m(x) = -2*g(x) - 28*i(x). Let v(t) be the first derivative of t**2/2 - 245. Let u(q) = m(q) - 3*v(q). Calculate u(-6).
-6
Let p be 1 + -1 + 1 + 0. Let g(c) be the third derivative of 7*c**4/8 - c**3/6 - 191*c**2. Give g(p).
20
Let f be (0 + -15)*(-4)/((-40)/(-6)). Suppose f*g - 6*g = -18. Let b(z) be the second derivative of -z**5/20 - 7*z**4/12 - z**3 + 4*z**2 - 2*z. Give b(g).
8
Let b(d) be the third derivative of d**4/8 - 2*d**3 + 14*d**2. Determine b(5).
3
Let m be 1*(-2 + 4)/(4/2). Let d(i) = 10*i**2. Give d(m).
10
Let m(t) = 82*t - 242. Let w be m(3). Let p(s) = -s**2 + 2*s + 5. Calculate p(w).
-3
Suppose m = 4*q, -3*m + 0*q - 5*q = 0. Suppose m = 2*h - 2*d - 10 + 4, 5*h - 4*d - 17 = 0. Let u(s) = -s**3 + 4*s**2 + 6*s + 3. What is u(h)?
8
Let y(g) be the third derivative of g**4/6 + 5*g**3/6 + 8*g**2 + 2*g. Suppose -15 = 2*s + s. Give y(s).
-15
Let y(p) = 2*p**3 + p**2 - 1. Let r be 7*(-4)/(-112) + (-3)/(-4). Determine y(r).
2
Let m(h) be the second derivative of -h**5/20 - h**4/3 + 2*h**3 + h**2 + 597*h. What is m(-6)?
2
Let w(p) = p - 10. Let k be -1 + (-2 - -1) + 12. Let y = k + -5. Suppose -2*g = 3*v - 8, -2*g + 5*v = -y*g + 11. Calculate w(g).
-3
Suppose -2*m + 25 = -m. Let z(g) = 14*g**2 + 0*g**3 + 0*g**3 - m*g**2 + 15 - 2*g**3. Let x(r) = r**3 + 5*r**2 - 7. Let s(w) = 13*x(w) + 6*z(w). Calculate s(0).
-1
Let r(y) = 4*y - 6. Let q(a) = -4*a + a + 1 + 2*a. Let x(h) = 8*q(h) + r(h). Let s be 77/(-21) + (-4)/(-6). Determine x(s).
14
Let s(m) = 2 + 24*m - 3 + 2 - 20*m + 1. Calculate s(-8).
-30
Let k(g) be the first derivative of 13*g**2/2 - g - 107. Let x(m) = m**2 - 12*m + 12. Let y be x(11). What is k(y)?
12
Let i(x) = -3*x - 10. Suppose -d = 5*u + 70, -182*d - 25 = -177*d. What is i(u)?
29
Let x(i) = -2*i + 2. Let t(n) = -22*n + 5. Let p(g) = t(g) - 2*x(g). What is p(-2)?
37
Let q(m) be the second derivative of -m**3/6 + 574*m. Give q(-8).
8
Suppose 3*s = -3*y + 9, 15 = 12*s - 9*s. Let p(t) = 6*t**2 + t - 4. Give p(y).
18
Let j(y) = -2*y**3 + 3*y**2 + 2*y - 4. Let d(c) = 18*c - 70. Let a be d(4). Calculate j(a).
-4
Let x(z) = -5*z**3 + 3*z**2 + 4*z + 4. Let f(g) = -g**3 + g**2 + g + 1. Let t(k) = 4*f(k) - x(k). What is t(-2)?
-4
Let l be (2/(-1)*(-15)/180)/1. Let w(s) be the third derivative of l*s**3 - 6*s**2 + 0 - 1/60*s**5 + 0*s + 0*s**4. Calculate w(-2).
-3
Let s(t) = 26*t**2 + 6*t - 29. Let c(k) = -22*k**2 - 5*k + 29. Let h(p) = 6*c(p) + 5*s(p). Give h(0).
29
Let h(t) = 4*t**3 - 2*t**2 - 2. Suppose 4*p = 2*v + 12, 64*p - 4*v - 4 = 66*p. Calculate h(p).
22
Let j(h) be the first derivative of -3*h**2/2 - 2*h - 3. Let a be j(-3). Let x(q) = -a*q + 3 - 2*q**2 + 3 + 4*q**2 - q**2. Give x(4).
-6
Let y be (-4)/(-2) - (-1 - -1). Let x(d) = 16 - y*d - 16 + 9. Determine x(7).
-5
Let w(q) = -q**3 + 9*q**2 - 7*q - 3. Let p be w(7). Let o be 15/(-35) + 286/14. Let r be (-8)/o - p/10. Let h(y) = -2*y + 5. Determine h(r).
15
Let o(q) = q - 3. Let c(b) = -b**2 + 4*b + 2. Let i(p) = -c(p) + 4*o(p). What is i(-4)?
2
Suppose 43 = -19*c + 119. Let x(a) = -2*a - 3. Determine x(c).
-11
Let w(x) = 43*x + 23. Let y be w(-3). Let z = -105 - y. Let d(l) = -l**3 - 7*l**2 - 6*l. Let u(n) = 6*n**2 + 5*n. Let m(k) = -5*d(k) - 6*u(k). Give m(z).
4
Let j(d) = -d**3 + 2*d**2 + 4*d - 1. Let t(g) = 16*g + 2 + 2 - 8 - 6*g - g**2. Let s be t(9). Suppose -17 + s = -4*c. Give j(c).
2
Let u = 1193 + -1196. Let q(x) = 2*x**3 + 2*x**2 - x - 4. What is q(u)?
-37
Let y be (9 - (-3 - -5)) + -4. Let x(s) be the second derivative of -1/12*s**4 + 0 - 6*s - 1/2*s**2 + 2/3*s**y. Give x(3).
2
Let g(c) = 2*c + 1. Let q = 15 - 14. Calculate g(q).
3
Suppose 5*q = -3*t - 1, -3*q + 6*q + 7 = -5*t. Let u(j) = -65*j**3 - 2*j + 1. Give u(q).
-66
Let s(r) be the first derivative of -r**4/12 + r**3 + 4*r**2 + 3*r - 1. Let d(v) be the second derivative of s(v). Calculate d(5).
-4
Let a(j) be the first derivative of 1/3*j**3 - j + 16 + 1/2*j**2 + 1/2*j**4. Let d(v) = v - 1. Let g be d(2). What is a(g)?
3
Let u(w) be the first derivative of -w**4/4 + 5*w**3/3 - 2*w**2 - 9*w + 578. Give u(3).
-3
Let g = 50 - 13. Let k = g + -38. Let u(o) = o - 1. Calculate u(k).
-2
Let n = 326 + -334. Let q(c) = c**2 + 10*c - 1. Give q(n).
-17
Suppose 0 = -5*t + 26 + 9. Let i(u) = u**3 - 7*u**2 + 1. Let x be i(t). Let c(f) = 2*f**3 + 6*f - x - 4*f + 17*f**2 - 13*f**2 + 0. Determine c(-2).
-5
Suppose 9 = r - 5*d - 3, 0 = -2*r - d + 13. Suppose 4*n - 15 = r*n. Let v(w) = 3*w**2 - 2 + 1 + 6*w - 2*w**2. What is v(n)?
-6
Let d be (5 - 56/10)/(2/10). Let a(x) = -x**3 - 5*x**2 - 6*x - 5. Let t be a(-4). Let l(j) = -j**2 - 2 - t - 4*j + 1. What is l(d)?
-1
Let b(t) = -t**2 + t + 3. Let f(u) = 6*u - 8. Let q(m) = b(m) + f(m). Calculate q(6).
1
Let n(s) = s**2 + 4*s - 4. Let t be 38/((-20)/8 - -3). Let p = -81 + t. Determine n(p).
1
Let a(i) be the second derivative of 0 - 1/3*i**3 + 8*i - 1/2*i**2 - 1/12*i**4. What is a(-1)?
0
Let u(g) = g**2 - 4*g - 5. Suppose z = -2*z - 2*f + 30, 31 = 2*z + 5*f. Suppose -r + 0 = -z. Suppose 0 = n, 3*h = h - 5*n + r. What is u(h)?
-5
Let k(s) be the first derivative of -19*s**3/3 - s**2/2 - s - 2. Let u = 631 - 632. Calculate k(u).
-19
Let h = 145 - 145. Let d(i) = i + 25. Give d(h).
25
Let f be 34/85*-2 + 9/5. Let n(d) = -d - 1. Calculate n(f).
-2
Suppose 0 = -6*o - 0*o - 444. Let d = o - -38. Let m = d + 30. Let g(a) = -a - 1. Calculate g(m).
5
Let b(j) = -7*j + 10*j + 3*j. What is b(2)?
12
Suppose 0 = 7*z - 76 - 1. Let f(s) = s**2 - 11*s. Calculate f(z).
0
Let u(w) = 3*w**2 - 3*w + 4. Let x(s) = 4*s**2 - 4*s + 5. Let q(l) = 5*u(l) - 4*x(l). Suppose c + 0 = -2*b + 6, 3*c - 2 = -2*b. Give q(c).
-6
Let y(l) = 8 + 2*l**2 - 9 - 3*l**2 + l**3 + l - 24*l**3. Let o = -2049 + 2050. What is y(o)?
-24
Let i(v) = 7*v + 29. Let a be 3/9 - ((-52)/(-12) - -1). Let l be i(a). Let z(b) = 2*b + 9. What is z(l)?
-3
Let x(t) = -3*t. Let q(p) = -17*p - 7. Let d(h) = -q(h) + 5*x(h). Determine d(7).
21
Let u(t) be the second derivative of -t**4/12 + t**3/3 - t**2/2 + 2*t + 8. What is u(1)?
0
Let t = 12 - 23. Let r(x) = -x**2 - 10*x + 15. Let f be r(t). Suppose 3 = f*d - 17. Let s(n) = -n**2 + 3*n + 4. Calculate s(d).
-6
Let o(i) = -i - 6*i**2 + 6 + 2*i**3 - 4 - i**3. Let a(v) = 3*v**2 - 33*v - 72. Let l be a(-2). What is o(l)?
-4
Suppose 15 = -0*f - 3*f. Suppose -b = -4*i + 4 - 15, -2*b = -3*i - 12. Let g(z) = -b*z - z**2 - 26*z**3 - 5*z**2 + 25*z**3. What is g(f)?
-10
Let p(a) = 27*a**3 + 21*a**2 + 20*a - 13. Let v(r) = 17*r**3 + 14*r**2 + 13*r - 9. Let g(i) = 5*p(i) - 8*v(i). Determine g(-6).
-5
Let l be ((-210)/(-40))/(-1 + (-11)/(-8)). Let q(y) = -l - y - 7 + 24. Calculate q(-7).
10
Let u(w) = -3*w + 1. Suppose -r + 4 - 13 = 4*s, 5*s + 21 = 2*r. Give u(r).
-8
Let b = -10 - -5. Let a(x) = -3 - 1 + 0*x**3 + 5*x - 6*x - 5*x**2 + 4*x - x**3. Calculate a(b).
-19
Let u(j) be the third derivative of j**6/24 + j**5/60 - j**4/24 - j**3/6 + j**2. Suppose 2*i - 20 = -4*l - 14, 14 = l + 3*i. What is u(l)?
-4
Let l be ((-3)/(-2))/(2/16). Suppose x + l = 3*x. Let s(b) be the first derivative of -b**4/4 + 7*b**3/3 - 3*b**2 - 3*b + 29. What is s(x)?
-3
Let m(r) = 2*r + 2. Let l(s) = 9*s + 9. Let q(h) = -l(h) + 4*m(h). What is q(-2)?
1
Let q(o) = 8*o**2 + 4*o - 4. Let w be 1 + (-9)/11 + 3360/1848. Calculate q(w).
36
Let j(f) = 2*f - 3. Let c be 3 - (-6 - -4)*(-2)/4. Let p(h) = -h + 1. Let u(g) = 